ivisor of x and 52?
26
Let s(v) be the third derivative of v**5/60 - v**4/6 - 2*v**2. Suppose -3*i + 3 = -15. Let t be s(i). What is the highest common divisor of 12 and t?
12
Let d(i) = 5*i**3 - 3*i**2 - i + 2. Let v be d(2). Let x(y) = 13*y**3 + 2*y**2 - 2*y + 1. Let f be x(1). What is the greatest common factor of v and f?
14
Suppose -k = -0*k - 11. Let f(u) = 2*u + 6. Let w be f(k). What is the highest common factor of 7 and w?
7
Let p be (6*(-3)/(-54))/(2/462). What is the highest common factor of p and 7?
7
Suppose 460 = -0*r + 4*r. Let n = r + -64. What is the greatest common divisor of 17 and n?
17
Let o be ((-12)/(-15))/((-4)/30). Let a(y) = y**2 + 6*y + 9. Let m be a(o). Calculate the greatest common divisor of 81 and m.
9
Suppose 50*v - 48*v - 8 = 0. What is the highest common divisor of v and 64?
4
Suppose -r - 1 + 2 = -m, -5*r + 4*m = -4. Let u be 2 - (r + 1) - -21. What is the highest common factor of u and 110?
22
Let j be ((-2)/(-4))/((-33)/(-132)). What is the highest common divisor of j and 2?
2
Let k be (-576)/(-22) - (32/44)/4. Let x = -184 - -366. Calculate the highest common divisor of k and x.
26
Suppose 0 = -9*b + 51 + 12. Let t = 49 - 28. Suppose -4*u + t = -b. Calculate the greatest common divisor of 7 and u.
7
Suppose 0*a + 4*a = 140. What is the greatest common divisor of a and 14?
7
Suppose -2*o = 3*o + 710. Let m = 205 + o. What is the highest common factor of 21 and m?
21
Suppose -10 = 5*i - 115. Calculate the greatest common divisor of 147 and i.
21
Let d(p) = p**2 + 9. Let g be d(0). What is the greatest common factor of g and 9?
9
Let i = -716 + 1046. Suppose i = 5*x + 4*k, 0*k - k = 0. Let d = -10 - -16. Calculate the greatest common divisor of d and x.
6
Suppose -2*q = -3*q + 10. Let i be 1436/q - (-2)/5. Suppose 324 = 5*z + 4*w + 84, -3*z = -4*w - i. Calculate the greatest common divisor of 16 and z.
16
Suppose -l + 5*l - j = 16, 5*l - 31 = 4*j. Suppose -5*x = -l*q + 5*q - 90, -75 = -5*x - 5*q. Calculate the greatest common factor of x and 160.
20
Let a be 2/(-6) - (2 - 80/6). Calculate the greatest common factor of 44 and a.
11
Suppose -2*f - 121 = -5*z, 5*f = -0*f + 4*z - 277. Let r = -31 - f. What is the greatest common divisor of 55 and r?
11
Suppose 2*c + c + 175 = d, 4*d = 3*c + 745. Calculate the highest common divisor of d and 19.
19
Suppose 0 = -4*g - g - 2*b + 25, 4*b = 3*g - 41. Let p = 14 + g. Calculate the greatest common factor of p and 7.
7
Suppose 3*t = -5*j + 52 + 51, j = 5*t + 43. Calculate the greatest common divisor of 253 and j.
23
Suppose -t + 29 = 8. Let g(p) = -p + 5. Let c be g(-9). Calculate the highest common factor of t and c.
7
Suppose x - 2*x + 20 = 0. Let g = 4 + -1. Suppose 22 = 5*u - g*o, 5*u - 16 = 4*o + 5. What is the greatest common divisor of u and x?
5
Let j(k) = -k**3 + 7*k**2 + 11*k. Let y be j(8). Calculate the greatest common divisor of 16 and y.
8
Let b be (-106)/(-22) - (-4 + 168/44). What is the highest common factor of 15 and b?
5
Let k = 7 + 13. Let v = 299 + -159. Calculate the greatest common factor of v and k.
20
Suppose -w + 176 = 2*z + 3*w, -4*w = z - 96. Let u(k) = 3 + 0 + k + 16. Let i be u(-9). Calculate the greatest common divisor of z and i.
10
Let v(o) be the second derivative of o**5/20 - o**4/12 - o. Let z be v(2). Suppose -33 = a - z*a. What is the greatest common divisor of 33 and a?
11
Let h be -2 + -4*9/(-12). Calculate the greatest common divisor of h and 7.
1
Suppose 0 = -4*m - m. Let v be 3 + (m/(-1))/1. What is the greatest common divisor of v and 1?
1
Let d(s) = 10*s**2 - 4*s + 1. Let w be d(2). What is the highest common factor of 3 and w?
3
Suppose j + j = 0, i = -4*j + 46. Let k = i + 53. What is the highest common divisor of k and 11?
11
Let r be (-7)/1*(-12)/21. Suppose t - 128 - 52 = -4*k, 645 = r*t + k. Calculate the highest common factor of t and 64.
32
Let a(p) be the third derivative of 11*p**4/8 - p**3/6 + 4*p**2. Let d be a(1). Suppose u - d = -2. Calculate the highest common factor of u and 3.
3
Let m(v) = 7*v**3 + v**2 + 3. Let z be m(3). Let f = z + -125. What is the greatest common factor of f and 19?
19
Let v be ((32/(-5))/1)/(16/(-480)). What is the highest common divisor of v and 8?
8
Suppose l - u = 9, 2*l = -5*u + 27 + 5. Calculate the greatest common factor of 11 and l.
11
Suppose -5*l + 3*l = -6. Let m be (-29 - 3)*l/(-6). Calculate the highest common factor of 8 and m.
8
Let u(y) = 2*y**3 - 4*y**2 - 4*y + 7. Let n be u(4). Let q(z) = z**2 - 6*z - 2. Let h be q(7). Calculate the highest common divisor of h and n.
5
Suppose 791 - 116 = 5*q. What is the greatest common divisor of 15 and q?
15
Suppose -j - 4*y + 40 = 0, 6*j + y - 175 = 2*j. Calculate the greatest common factor of 4 and j.
4
Let z(o) = 3*o - 2. Let q be z(-3). Let f = 1 + q. Let d be (2 - 64/10)*f. Calculate the highest common factor of d and 4.
4
Let j = 2 - 2. Suppose j = -6*u + 3*u + 30. Calculate the highest common factor of 110 and u.
10
Suppose 0*f + 15 = 5*f. Let k be 1/4 + (-894)/(-8). Suppose -z = f*z - k. What is the greatest common factor of 4 and z?
4
Let s = 6 - 3. Suppose 0 = -s*f - 2*h + 26, 0*h = -5*f + 2*h + 38. What is the greatest common divisor of f and 1?
1
Suppose -2*q + 72 = -5*a, -q + a + 38 = -2*a. Calculate the highest common divisor of 39 and q.
13
Suppose -w + 29 = 7. Let b = 0 - -22. What is the greatest common divisor of w and b?
22
Let q be -2*(-7)/((-28)/(-16)). What is the greatest common divisor of q and 16?
8
Suppose -4 - 9 = -w + y, -3*w = -4*y - 40. Calculate the highest common divisor of 132 and w.
12
Let r be ((-19)/5)/((-8)/200). Calculate the greatest common factor of 19 and r.
19
Let y(b) be the second derivative of b**5/20 - 5*b**4/12 - 3*b**3/2 + b**2 - b. Let c be y(7). Let a = c - 24. Calculate the highest common factor of a and 117.
13
Let l be (234/13)/((-3)/(-2)). What is the greatest common factor of l and 9?
3
Suppose 0 = 4*r + 2*m + m - 31, -5*r = -4*m. Suppose r*s + 14 = 6*s. Calculate the highest common factor of s and 28.
7
Let t = 341 + -189. Calculate the greatest common factor of t and 19.
19
Let q = -14 + 49. Calculate the highest common factor of 5 and q.
5
Let c(f) = f**2 + 7*f - 6. Let k be c(-9). What is the highest common factor of k and 3?
3
Let p(f) = 11*f + 5. Let y be p(5). Let h(r) = r + 14. Let k be h(10). Calculate the highest common factor of k and y.
12
Let s(y) = -y**2 - 16*y - 3. Let u be s(-15). Let x = 10 + u. Calculate the highest common factor of x and 33.
11
Let i(y) be the third derivative of y**4/8 - 5*y**3/6 - 8*y**2. Let r be i(6). Calculate the highest common factor of 13 and r.
13
Let g = -471 - -255. Let p be (g/14)/(-3)*7. Calculate the highest common factor of 90 and p.
18
Suppose 13 = p + 3. What is the greatest common divisor of 50 and p?
10
Let u be (-4 + 0)*(-225)/12. Let b(f) = f**2 + 13*f + 24. Let z be b(-11). Suppose 0 = 3*r + z*r - u. What is the highest common factor of 30 and r?
15
Suppose -i + 10 + 0 = 0. What is the greatest common divisor of 80 and i?
10
Let u be (-1 - 14)*(-2)/6. Suppose -u*i + 176 = 56. Let p be 4/(-16) - (-290)/8. What is the highest common factor of p and i?
12
Let x(k) = -9*k - 5. Let r(o) = 13*o + 7. Let n(i) = -5*r(i) - 7*x(i). Let v be n(-9). What is the highest common divisor of v and 18?
18
Let f = 2 - -2. Let k be (33 - 4) + (f - 1). Calculate the highest common factor of 48 and k.
16
Suppose 6*g - 45 = 3*g. What is the greatest common factor of g and 30?
15
Let h be 3 - (1 - 17) - -1. Calculate the greatest common factor of 20 and h.
20
Let p be (-95)/(-3) + (-1)/(-3). Calculate the highest common divisor of 4 and p.
4
Let f be 152 - 3/(0 - 3). Let w = -68 + 85. Calculate the highest common factor of f and w.
17
Suppose n + 1 = -5. Let z(s) = 2*s + 13. Let h be z(n). Calculate the highest common factor of 3 and h.
1
Suppose 0*r + 12 = -3*r, -2*t - 2 = 3*r. Calculate the highest common factor of t and 15.
5
Let o be (-3)/(-1) - -5 - 0. Calculate the highest common factor of o and 20.
4
Suppose 0 = z + 2*z - 12. Let d(n) = -n**3 + 4*n**2 + 8*n - 3. Let t be (-5)/(-1)*3/3. Let s be d(t). Calculate the highest common divisor of z and s.
4
Suppose 3*w + 2 = -w - v, w + v = -2. Suppose k - 12 + w = 0. Calculate the highest co